when (-3)/(-9) + (-2240)/(-21) is divided by 38.
31
Suppose -110 = -5*c + 9*c - u, 0 = -2*c + 5*u - 64. What is the remainder when 55 is divided by 1/((c/48)/(-9))?
7
Suppose -78*x + 76*x + 2 = 0. What is the remainder when 23*1/1 + x + -4 is divided by 11?
9
Suppose -3*w = -0*u + 4*u - 174, 290 = 5*w + u. Calculate the remainder when w is divided by 20/35*(71 + -43).
10
Let d = 33 - -7. Let c be (-176)/(-48) + 2/(-3). Suppose -c*i + 62 = 5*v, -v + 14 = -4*i + 66. What is the remainder when d is divided by i?
12
Let u = 5534 - 5439. Suppose 84 = t + t - 5*j, 4*t = 5*j + 148. What is the remainder when u is divided by t?
31
Suppose 3*s - 2*s = 3. Suppose 5*n + 2*v = 59, -v + 57 = 2*n + s*n. What is the remainder when 43 is divided by n?
10
Let n(i) = -13*i - 5. Calculate the remainder when n(-3) is divided by 4.
2
Let b = 119 + -109. Suppose 0 = 4*q - 10 - b. What is the remainder when 12 is divided by q?
2
Suppose -2*o - 21 = -5*k, 0 = -2*k - 3*o - 10 + 26. Suppose -18*p = -15*p - 54. What is the remainder when p is divided by k?
3
Suppose 295 = 3*h + 2*h. Suppose -2*y + 29 = -h. Suppose -56 = -4*g - 2*o, 5*g - 4*o = -0*o + y. What is the remainder when 35 is divided by g?
11
Suppose 0 = 2*o - 298 - 36. Let u = 482 - 448. Calculate the remainder when o is divided by u.
31
Let b = 6 + 12. Calculate the remainder when 141 is divided by b.
15
Let n(v) = 14*v - 9. Calculate the remainder when n(8) is divided by 18.
13
Suppose -5*a = -0*a. Suppose a*t - 175 = -7*t. What is the remainder when t is divided by 9?
7
Calculate the remainder when 8 + (-3 - 9) - -200 is divided by 93.
10
Let w be 80/15*12/(-4). Let k(t) = t**3 + 17*t**2 + 12*t - 7. Suppose -52 + 202 = 5*q. Calculate the remainder when k(w) is divided by q.
27
Suppose -4*y = 3*f - 443, -10*f + y = -9*f - 157. What is the remainder when f is divided by 28?
13
Let d = 258 + -140. Suppose -21 = -3*l + 2*i + 14, 95 = 5*l + 4*i. What is the remainder when d is divided by l?
13
Suppose 4*z + 3*q = 117, 0*z = -5*z + 5*q + 155. Calculate the remainder when 45 is divided by (40/z)/(4/162*3).
9
Suppose -4876 = -3*q - 5*s, -3*q + 4*s = q - 6544. Calculate the remainder when (q/85)/(6/20) is divided by 17.
13
Let u(k) = k**2 + k. Let o be u(0). What is the remainder when (4 - 885/(-18)) + 1/(-6) is divided by (18 + o)*(-1 - -2)?
17
Let m be (-40)/(-50)*90/4. Suppose 2*q = 5*l + m - 50, 4*q = -4. Let k(p) = p**3 - 5*p**2 + p + 6. What is the remainder when k(l) is divided by 25?
23
Let f(u) = u**2 - 66*u + 64. Calculate the remainder when f(67) is divided by 19.
17
Let o(k) = -k**3 + 12*k**2 + 3*k + 5. Suppose -2*x + 16 = -8. What is the remainder when o(x) is divided by 15?
11
Suppose 0*j = 5*j + 20, -3*h + 361 = -4*j. Calculate the remainder when h is divided by 17/((-238)/(-28))*(-26)/(-4).
11
Let t = -1825 + 1842. What is the remainder when 1410 is divided by t?
16
Suppose -5*b + 193 = -172. Let l = 426 + -401. Calculate the remainder when b is divided by l.
23
Suppose -11*z + 165 = 22. What is the remainder when 30 is divided by z?
4
Let z(r) = 13*r + 81. What is the remainder when 62 is divided by z(-5)?
14
Let f(z) = z**3 + z**2 - 2*z - 1. Let g be f(-3). Let x = 27 + g. Let a(t) = -t**2 + 13*t + 16. Calculate the remainder when a(x) is divided by 2.
0
Suppose 4 = -a + 3*a. Suppose 8 = 2*r, a*w + r = -w + 46. What is the remainder when 26 is divided by w?
12
Suppose 0 = -0*l + 8*l - 72. Suppose -7*m + l = -6*m + w, 0 = -3*w. Calculate the remainder when 26 is divided by m.
8
Let i(o) = -o**3 - 6*o**2 - 4*o. Let a be i(-6). Suppose 4*j - 5*j = -a. What is the remainder when 70 is divided by j?
22
Let f = -1685 + 1751. What is the remainder when 125 is divided by f?
59
Suppose -2*q = -2*j + 48, 5*j - 6*j = 2*q - 27. Calculate the remainder when 274 is divided by j.
24
Let s(l) = l + 9. Let o be s(-5). Suppose -18*j + 8 = -16*j - o*u, 5*u = 5*j - 15. What is the remainder when 7 is divided by j?
1
Let p = 39 + -25. Let x(o) = 4*o + 22. Let i(q) = 5*q + 23. Let l(a) = -2*i(a) + 3*x(a). What is the remainder when p is divided by l(-6)?
6
Let i = -294 - -348. Suppose 4*c + 16 = -k, -20 - 1 = k + 5*c. Suppose k*z = -2*j + 34, 4*z + 2 = -j + 17. What is the remainder when i is divided by j?
16
Let w(o) = 440*o**2 + 6*o + 6. Calculate the remainder when w(-1) is divided by 9.
8
Let p(y) = y + 10. Let g be p(9). Suppose -2*s + 3 = -g. Suppose f - 11 - s = 2*j, f + 2*j = 34. What is the remainder when f is divided by 12?
4
Let o be 526/(-18) + 10/45. Let c = 46 + o. Suppose 5*b = -0*b + 155. Calculate the remainder when b is divided by c.
14
Suppose -21*x + 149 + 40 = 0. Suppose -m - 26 = -c, 4*m + 12 = -0*m. Calculate the remainder when c is divided by x.
5
Suppose 0 = 4*d - 60 - 16. What is the remainder when 54 + 0/(2 + 1) is divided by d?
16
Let a(r) = 17*r - 4 + r**2 + 12*r - 22*r. Let i be a(-5). Let q = 26 - i. Calculate the remainder when q is divided by 14.
12
Calculate the remainder when 5146/332*1*(31 + -1) is divided by 12.
9
Suppose -7 = 2*i - 19. Let j be 4/i + (-37)/(-3). Suppose -5*n + g = -j - 33, -3*n = 2*g - 38. Calculate the remainder when 19 is divided by n.
9
Suppose 2*k - 4*t + 8*t = 98, k + 5*t - 37 = 0. Calculate the remainder when 1707 is divided by k.
54
Let n(a) = -a**3 - 6*a**2 + 8*a + 1. Let q be n(-7). Let l(r) = -r - 16 + 38 - 9 - 7. Calculate the remainder when 22 is divided by l(q).
10
Let r be (-2)/(-5) + (-1022)/(-70). Suppose -r*l = -10*l - 120. Let h(f) = f**3 - 5*f**2 + 4*f - 6. Calculate the remainder when l is divided by h(5).
10
Let u(v) = 6 + v - 23 + 9 + 5. Calculate the remainder when 81 is divided by u(10).
4
What is the remainder when (6 - (-30)/(-4))/((-21)/322) is divided by (-12)/15*-15*1?
11
Let u(c) = -7*c + 10 - 11*c**2 - 11*c**2 - 12*c**2 + 37*c**2. Calculate the remainder when 30 is divided by u(2).
6
Let j = 276 + -202. Calculate the remainder when j is divided by 13.
9
Let k(h) = -78*h + 2. Suppose -2*g = -5*g - 6. What is the remainder when k(g) is divided by 40?
38
Let i(l) = l**3 + 14*l**2 - 22*l - 92. Calculate the remainder when 162 is divided by i(-15).
6
Suppose 7*a - 144 = 3. What is the remainder when 248 is divided by a?
17
Suppose 0 + 13 = v. Let p = 22 - v. Suppose -p*q = -8*q - 42. Calculate the remainder when q is divided by 15.
12
Let t be (-21)/28*(-4)/1. Calculate the remainder when t/(3/(-4))*-20 is divided by (48/40)/(4/70).
17
Suppose -16 + 1 = -5*i. Suppose -i*z = -3*p - 5*z - 4, 3*p + 3*z + 6 = 0. What is the remainder when 2 + 1 - p/8 is divided by 2?
1
Suppose -2*r + 1623 - 493 = 0. Let f = r - 334. What is the remainder when f is divided by 29?
28
Suppose -a - 30 = -45. Calculate the remainder when a is divided by 15.
0
Let n = 316 - 273. Calculate the remainder when 114 is divided by n.
28
Let m(h) = 4*h**2 - 9*h + 7. What is the remainder when m(6) is divided by 92?
5
Let y be (0*(-5)/(-25))/1. Let d(z) = z**2 + 16. Calculate the remainder when 142 is divided by d(y).
14
Let z(x) = -x**3 - 12*x**2 - 13*x - 18. Let g be z(-11). Suppose 5*i = -3*s + 99, 3*s + 27 = -2*i + g*i. What is the remainder when i is divided by 10?
8
Let k = 7 - 4. Let a be (-9)/(-2)*(-20)/k. Let o = a + 45. What is the remainder when o is divided by 6?
3
Let b(v) = 0*v**2 - 4*v - 2*v + v**2 - 5*v - 8. Let t be b(12). Suppose 3*i = j + 4 + 36, -t*i = j - 44. What is the remainder when 47 is divided by i?
11
Let o(u) = -u**3 + 12*u**2 - 6*u - 20. What is the remainder when 244 is divided by o(11)?
34
Let l(v) = 7*v**3 + 4*v**2 - 14*v + 10. Calculate the remainder when 87 is divided by l(1).
3
Suppose 3*i - 255 = -5*v, 0 = -22*v + 27*v - 5*i - 215. What is the remainder when v is divided by 15?
3
Suppose 66 + 38 = -4*k. Let u = -24 - k. Suppose -2*c + 110 = 5*q - 0*q, u*q = c + 53. What is the remainder when 46 is divided by q?
22
Suppose 0 = 3*l - 5*l + 2*r + 180, r = -2. Let f = 58 - l. Let w = 1 - f. Calculate the remainder when 92 is divided by w.
30
Suppose 5*c = -5*n - 15, -2*n = -7*c + 4*c + 16. Let p = -266 + 271. What is the remainder when (-55)/(-4) + c/8 is divided by p?
4
Suppose 40 = -24*d + 29*d. Suppose -6*i = -4*i - 44. What is the remainder when i is divided by d?
6
Suppose -8*z + 166 - 46 = 0. Calculate the remainder when 98 is div